{"id":116,"date":"2013-12-23T14:30:21","date_gmt":"2013-12-23T13:30:21","guid":{"rendered":"http:\/\/gerhard.koschany.ch\/?page_id=116"},"modified":"2021-03-20T03:03:09","modified_gmt":"2021-03-20T02:03:09","slug":"kontakt","status":"publish","type":"page","link":"https:\/\/gerhard.koschany.ch\/?page_id=116","title":{"rendered":"Kontakt"},"content":{"rendered":"<p>Wer mich erreichen m\u00f6chte, kann dies auf mehreren Wegen tun.<\/p>\n<table style=\"width: 60%;\" cellspacing=\"1\" cellpadding=\"0\" border=\"0\">\n<tbody>\n<tr>\n<td style=\"width: 35%;\">Meine Website:<\/td>\n<td style=\"width: 65%;\"><a href=\"https:\/\/gerhard.koschany.ch\" target=\"_blank\" rel=\"noopener noreferrer\">https:\/\/gerhard.koschany.ch<\/a><\/td>\n<\/tr>\n<tr>\n<td style=\"width: 35%;\">Per E-Mail:<\/td>\n<td style=\"width: 65%;\"><script type=\"text\/javascript\">\/\/ <![CDATA[\n(function(){var ml=\"<st\/ n:=\\\"iagc-yo>rlkd.@fehm\",mi=\"0:4<B:1178J:9B2?=B95C84IAHG78J:9B2?6;HAI:ADFC?1<I:5>E<I84@;HAI:ADFC?1<I:5>E<I03:@\",o=\"\";for(var j=0,l=mi.length;j<l;j++){o+=ml.charAt(mi.charCodeAt(j)-48);}document.write(o);}()); \/\/ ]]><\/script><noscript>*E-Mail-Adresse verborgen, da Javascript deaktiviert ist!*<\/br>Bitte nutzen Sie das Kontaktformular, wenn Sie Javascript nicht aktivieren k\u00f6nnen oder m\u00f6chten!<\/noscript><\/td>\n<\/tr>\n<\/tbody>\n<\/table>\n<p>Bitte haben Sie Verst\u00e4ndnis, dass private Daten nicht publiziert werden.<\/p>\n<p>Oder auch per QR-Code f\u00fcr Mobile Devices:<\/p>\n<table style=\"width: 900px, border-width:0, cell-spacing: 1px, cell-padding: 1px;\">\n<tbody>\n<tr>\n<td style=\"text-align: center;\" colspan=\"2\">Die QR-Codes k\u00f6nnen zum besseren Scannen vergr\u00f6ssert werden!<\/td>\n<\/tr>\n<tr>\n<td style=\"text-align: center;\"><a href=\"https:\/\/gerhard.koschany.ch\/wp-content\/uploads\/2020\/07\/QR_URL_Share_Large.png\"><img loading=\"lazy\" decoding=\"async\" class=\"aligncenter wp-image-493 size-medium\" src=\"https:\/\/gerhard.koschany.ch\/wp-content\/uploads\/2020\/07\/QR_URL_Share_Large-300x300.png\" alt=\"\" width=\"300\" height=\"300\" srcset=\"https:\/\/gerhard.koschany.ch\/wp-content\/uploads\/2020\/07\/QR_URL_Share_Large-300x300.png 300w, https:\/\/gerhard.koschany.ch\/wp-content\/uploads\/2020\/07\/QR_URL_Share_Large-1024x1024.png 1024w, https:\/\/gerhard.koschany.ch\/wp-content\/uploads\/2020\/07\/QR_URL_Share_Large-150x150.png 150w, https:\/\/gerhard.koschany.ch\/wp-content\/uploads\/2020\/07\/QR_URL_Share_Large-768x768.png 768w, https:\/\/gerhard.koschany.ch\/wp-content\/uploads\/2020\/07\/QR_URL_Share_Large-1536x1536.png 1536w, https:\/\/gerhard.koschany.ch\/wp-content\/uploads\/2020\/07\/QR_URL_Share_Large-2048x2048.png 2048w, https:\/\/gerhard.koschany.ch\/wp-content\/uploads\/2020\/07\/QR_URL_Share_Large-64x64.png 64w\" sizes=\"auto, (max-width: 300px) 100vw, 300px\" \/><\/a><\/td>\n<td style=\"text-align: center;\"><a href=\"https:\/\/gerhard.koschany.ch\/wp-content\/uploads\/2020\/07\/QR_EMail_Large.png\"><img loading=\"lazy\" decoding=\"async\" class=\"aligncenter size-medium wp-image-494\" src=\"https:\/\/gerhard.koschany.ch\/wp-content\/uploads\/2020\/07\/QR_EMail_Large-300x300.png\" alt=\"\" width=\"300\" height=\"300\" srcset=\"https:\/\/gerhard.koschany.ch\/wp-content\/uploads\/2020\/07\/QR_EMail_Large-300x300.png 300w, https:\/\/gerhard.koschany.ch\/wp-content\/uploads\/2020\/07\/QR_EMail_Large-1024x1024.png 1024w, https:\/\/gerhard.koschany.ch\/wp-content\/uploads\/2020\/07\/QR_EMail_Large-150x150.png 150w, https:\/\/gerhard.koschany.ch\/wp-content\/uploads\/2020\/07\/QR_EMail_Large-768x768.png 768w, https:\/\/gerhard.koschany.ch\/wp-content\/uploads\/2020\/07\/QR_EMail_Large-1536x1536.png 1536w, https:\/\/gerhard.koschany.ch\/wp-content\/uploads\/2020\/07\/QR_EMail_Large-2048x2048.png 2048w, https:\/\/gerhard.koschany.ch\/wp-content\/uploads\/2020\/07\/QR_EMail_Large-64x64.png 64w\" sizes=\"auto, (max-width: 300px) 100vw, 300px\" \/><\/a><\/td>\n<\/tr>\n<tr>\n<td style=\"text-align: center;\">Webseiten-URL teilen<\/td>\n<td style=\"text-align: center;\">Mail schreiben<\/td>\n<\/tr>\n<\/tbody>\n<\/table>\n<p>&nbsp;<\/p>\n<p>Sie k\u00f6nnen auch das folgende Formular verwenden, um mir eine kurze Nachricht zukommen zu lassen:<\/p>\n\n\n<!-- Fast Secure Contact Form plugin 4.0.52 - begin - FastSecureContactForm.com -->\r\n<div style=\"clear:both;\"><\/div>\nSchreben Sie hier Ihre Nachricht.\r\n<div id=\"FSContact1\" style=\"width:99%; max-width:555px;\">\r\n<form action=\"https:\/\/gerhard.koschany.ch\/index.php?rest_route=%2Fwp%2Fv2%2Fpages%2F116#FSContact1\" id=\"fscf_form1\" method=\"post\">\r\n\n<div id=\"fscf_required1\">\n  <span style=\"text-align:left;\">*<\/span> <span style=\"text-align:left;\">Ben\u00f6tigte Angabe<\/span>\n<\/div>\n\n\n<div id=\"fscf_div_clear1_4\" style=\"clear:both;\">\n  <div id=\"fscf_div_field1_4\" style=\"clear:left; float:left; width:99%; max-width:550px; margin-right:10px;\">\n    <div  id=\"fscf_label1_4\" style=\"text-align:left; padding-top:5px;\">\r\n      <label style=\"text-align:left;\" for=\"fscf_field1_4\">Vorname:<span style=\"text-align:left;\">*<\/span><\/label>\n    <\/div>\n    <div style=\"text-align:left;\">\n      <input style=\"text-align:left; margin:0; width:99%; max-width:250px;\" type=\"text\" id=\"fscf_field1_4\" name=\"vorname\" value=\"\"  maxlength=\"32\" \/>\n    <\/div>\n  <\/div>\n<\/div>\n\n<div id=\"fscf_div_clear1_0\" style=\"clear:both;\">\n  <div id=\"fscf_div_field1_0\" style=\"clear:left; float:left; width:99%; max-width:550px; margin-right:10px;\">\r\n    <div style=\"text-align:left; padding-top:5px;\">\n      <label style=\"text-align:left;\" for=\"fscf_name1\">Name:<span style=\"text-align:left;\">*<\/span><\/label>\n    <\/div>\r\n    <div style=\"text-align:left;\">\r\n      <input style=\"text-align:left; margin:0; width:99%; max-width:250px;\" type=\"text\" id=\"fscf_name1\" name=\"full_name\" value=\"\"  readonly=\"readonly\" \/>\r\n    <\/div>\r\n  <\/div>\n<\/div>\n\n<div id=\"fscf_div_clear1_1\" style=\"clear:both;\">\n  <div id=\"fscf_div_field1_1\" style=\"clear:left; float:left; width:99%; max-width:550px; margin-right:10px;\">\n    <div style=\"text-align:left; padding-top:5px;\">\n      <label style=\"text-align:left;\" for=\"fscf_email1\">E-Mailadresse:<span style=\"text-align:left;\">*<\/span><\/label>\n    <\/div>\n    <div style=\"text-align:left;\">\n      <input style=\"text-align:left; margin:0; width:99%; max-width:250px;\" type=\"text\" id=\"fscf_email1\" name=\"email\" value=\"\"  readonly=\"readonly\" \/>\n    <\/div>\n  <\/div>\n<\/div>\n\n<div id=\"fscf_div_clear1_7\" style=\"clear:both;\">\n  <div id=\"fscf_div_field1_7\" style=\"clear:left; float:left; width:99%; max-width:550px; margin-right:10px;\">\n    <div  id=\"fscf_label1_7\" style=\"text-align:left; padding-top:5px;\">\r\n      <label style=\"text-align:left;\" for=\"fscf_field1_7\">Website:<\/label>\n    <\/div>\n    <div style=\"text-align:left;\">\n      <input style=\"text-align:left; margin:0; width:99%; max-width:250px;\" type=\"text\" id=\"fscf_field1_7\" name=\"web-url\" value=\"\"  maxlength=\"256\" \/>\n    <\/div>\n  <\/div>\n<\/div>\n\n<div id=\"fscf_div_clear1_5\" style=\"clear:both;\">\n  <div id=\"fscf_div_field1_5\" style=\"clear:left; float:left; width:99%; max-width:550px; margin-right:10px;\">\n    <div  id=\"fscf_label1_5\" style=\"text-align:left; padding-top:5px;\">\r\n      <label style=\"text-align:left;\" for=\"fscf_field1_5\">Telefon:<\/label>\n    <\/div>\n    <div style=\"text-align:left;\">\n      <input style=\"text-align:left; margin:0; width:99%; max-width:250px;\" type=\"text\" id=\"fscf_field1_5\" name=\"telefon\" value=\"\"  maxlength=\"32\" \/>\n    <\/div>\n  <\/div>\n<\/div>\n\n<div id=\"fscf_div_clear1_6\" style=\"clear:both;\">\n  <div id=\"fscf_div_field1_6\" style=\"clear:left; float:left; width:99%; max-width:550px; margin-right:10px;\">\n    <div  id=\"fscf_label1_6\" style=\"text-align:left; padding-top:5px;\">\r\n      <label style=\"text-align:left;\" for=\"fscf_field1_6\">Mobil:<\/label>\n    <\/div>\n    <div style=\"text-align:left;\">\n      <input style=\"text-align:left; margin:0; width:99%; max-width:250px;\" type=\"text\" id=\"fscf_field1_6\" name=\"mobil\" value=\"\"  maxlength=\"32\" \/>\n    <\/div>\n  <\/div>\n<\/div>\n\n<div id=\"fscf_div_clear1_8\" style=\"clear:both;\">\n  <div id=\"fscf_div_field1_8\" style=\"clear:left; float:left; width:99%; max-width:550px; margin-right:10px;\">\n    <div  id=\"fscf_label1_8\" style=\"text-align:left; padding-top:5px;\">\r\n      <label style=\"text-align:left;\" for=\"fscf_field1_8\">R\u00fcckmeldung auf:<\/label>\n    <\/div>\n    <div style=\"text-align:left;\">\n      <select style=\"text-align:left;\" id=\"fscf_field1_8\" name=\"rueckmelden[]\">\n        <option value=\"1\">E-Mail<\/option>\n        <option value=\"2\">Telefon<\/option>\n        <option value=\"3\">Mobil<\/option>\n      <\/select>\n    <\/div>\n  <\/div>\n<\/div>\n\n<div id=\"fscf_div_clear1_9\" style=\"clear:both;\">\n  <div id=\"fscf_div_field1_9\" style=\"clear:left; float:left; width:99%; max-width:550px; margin-right:10px;\">\n    <div  id=\"fscf_label1_9\" style=\"text-align:left; padding-top:5px;\">\r\n      <label style=\"text-align:left;\" for=\"fscf_field1_9\">Wann:<\/label>\n    <\/div>\n    <div style=\"text-align:left;\">\n      <select style=\"text-align:left;\" id=\"fscf_field1_9\" name=\"wann[h]\">\n        <option value=\"\"><\/option>\n        <option value=\"00\">00<\/option>\n        <option value=\"01\">01<\/option>\n        <option value=\"02\">02<\/option>\n        <option value=\"03\">03<\/option>\n        <option value=\"04\">04<\/option>\n        <option value=\"05\">05<\/option>\n        <option value=\"06\">06<\/option>\n        <option value=\"07\">07<\/option>\n        <option value=\"08\">08<\/option>\n        <option value=\"09\">09<\/option>\n        <option value=\"10\">10<\/option>\n        <option value=\"11\">11<\/option>\n        <option value=\"12\">12<\/option>\n        <option value=\"13\">13<\/option>\n        <option value=\"14\">14<\/option>\n        <option value=\"15\">15<\/option>\n        <option value=\"16\">16<\/option>\n        <option value=\"17\">17<\/option>\n        <option value=\"18\">18<\/option>\n        <option value=\"19\">19<\/option>\n        <option value=\"20\">20<\/option>\n        <option value=\"21\">21<\/option>\n        <option value=\"22\">22<\/option>\n        <option value=\"23\">23<\/option>\n      <\/select>:\n      <select style=\"text-align:left;\" id=\"fscf_field1_9m\" name=\"wann[m]\">\n        <option value=\"\"><\/option>\n        <option value=\"00\">00<\/option>\n        <option value=\"01\">01<\/option>\n        <option value=\"02\">02<\/option>\n        <option value=\"03\">03<\/option>\n        <option value=\"04\">04<\/option>\n        <option value=\"05\">05<\/option>\n        <option value=\"06\">06<\/option>\n        <option value=\"07\">07<\/option>\n        <option value=\"08\">08<\/option>\n        <option value=\"09\">09<\/option>\n        <option value=\"10\">10<\/option>\n        <option value=\"11\">11<\/option>\n        <option value=\"12\">12<\/option>\n        <option value=\"13\">13<\/option>\n        <option value=\"14\">14<\/option>\n        <option value=\"15\">15<\/option>\n        <option value=\"16\">16<\/option>\n        <option value=\"17\">17<\/option>\n        <option value=\"18\">18<\/option>\n        <option value=\"19\">19<\/option>\n        <option value=\"20\">20<\/option>\n        <option value=\"21\">21<\/option>\n        <option value=\"22\">22<\/option>\n        <option value=\"23\">23<\/option>\n        <option value=\"24\">24<\/option>\n        <option value=\"25\">25<\/option>\n        <option value=\"26\">26<\/option>\n        <option value=\"27\">27<\/option>\n        <option value=\"28\">28<\/option>\n        <option value=\"29\">29<\/option>\n        <option value=\"30\">30<\/option>\n        <option value=\"31\">31<\/option>\n        <option value=\"32\">32<\/option>\n        <option value=\"33\">33<\/option>\n        <option value=\"34\">34<\/option>\n        <option value=\"35\">35<\/option>\n        <option value=\"36\">36<\/option>\n        <option value=\"37\">37<\/option>\n        <option value=\"38\">38<\/option>\n        <option value=\"39\">39<\/option>\n        <option value=\"40\">40<\/option>\n        <option value=\"41\">41<\/option>\n        <option value=\"42\">42<\/option>\n        <option value=\"43\">43<\/option>\n        <option value=\"44\">44<\/option>\n        <option value=\"45\">45<\/option>\n        <option value=\"46\">46<\/option>\n        <option value=\"47\">47<\/option>\n        <option value=\"48\">48<\/option>\n        <option value=\"49\">49<\/option>\n        <option value=\"50\">50<\/option>\n        <option value=\"51\">51<\/option>\n        <option value=\"52\">52<\/option>\n        <option value=\"53\">53<\/option>\n        <option value=\"54\">54<\/option>\n        <option value=\"55\">55<\/option>\n        <option value=\"56\">56<\/option>\n        <option value=\"57\">57<\/option>\n        <option value=\"58\">58<\/option>\n        <option value=\"59\">59<\/option>\n      <\/select>\n    <\/div>\n  <\/div>\n<\/div>\n\n<div id=\"fscf_div_clear1_2\" style=\"clear:both;\">\n  <div id=\"fscf_div_field1_2\" style=\"clear:left; float:left; width:99%; max-width:550px; margin-right:10px;\">\n    <div style=\"text-align:left; padding-top:5px;\">\n      <label style=\"text-align:left;\" for=\"fscf_field1_2\">Betreff:<span style=\"text-align:left;\">*<\/span><\/label>\n    <\/div>\n    <div style=\"text-align:left;\">\n      <input style=\"text-align:left; margin:0; width:99%; max-width:250px;\" type=\"text\" id=\"fscf_field1_2\" name=\"subject\" value=\"\"  \/>\n    <\/div>\n  <\/div>\n<\/div>\n\n<div id=\"fscf_div_clear1_3\" style=\"clear:both;\">\n  <div id=\"fscf_div_field1_3\" style=\"clear:left; float:left; width:99%; max-width:550px; margin-right:10px;\">\n    <div style=\"text-align:left; padding-top:5px;\">\n      <label style=\"text-align:left;\" for=\"fscf_field1_3\">Nachricht:<span style=\"text-align:left;\">*<\/span><\/label>\n    <\/div>\n    <div style=\"text-align:left;\">\n      <textarea style=\"text-align:left; margin:0; width:99%; max-width:250px; height:120px;\" id=\"fscf_field1_3\" name=\"message\" cols=\"30\" rows=\"10\" ><\/textarea>\n    <\/div>\n  <\/div>\n<\/div>\r\n<div style=\"clear:both;\"><\/div>\n\n<div style=\"text-align:left; padding-top:5px;\">\n<\/div>\n<div id=\"fscf_captcha_image_div1\" style=\"width:250px; height:65px; padding-top:2px;\">\n      <img loading=\"lazy\" decoding=\"async\" id=\"fscf_captcha_image1\" style=\"border-style:none; margin:0; padding:0px; padding-right:5px; float:left;\" src=\"https:\/\/gerhard.koschany.ch\/wp-content\/plugins\/si-contact-form\/captcha\/securimage_show.php?prefix=hDczemf6UTzolLHW\" width=\"175\" height=\"60\" alt=\"CAPTCHA\" title=\"CAPTCHA\" \/>\n      <input id=\"fscf_captcha_prefix1\" type=\"hidden\" name=\"fscf_captcha_prefix1\" value=\"hDczemf6UTzolLHW\" \/>\n     <div id=\"fscf_captcha_refresh1\">\n        <a href=\"#\" rel=\"nofollow\" title=\"CAPTCHA erneuern\" onclick=\"fscf_captcha_refresh('1','\/wp-content\/plugins\/si-contact-form\/captcha','https:\/\/gerhard.koschany.ch\/wp-content\/plugins\/si-contact-form\/captcha\/securimage_show.php?prefix='); return false;\">\n        <img loading=\"lazy\" decoding=\"async\" src=\"https:\/\/gerhard.koschany.ch\/wp-content\/plugins\/si-contact-form\/captcha\/images\/refresh.png\" width=\"22\" height=\"20\" alt=\"CAPTCHA erneuern\" style=\"border-style:none; margin:0; padding:0px; vertical-align:bottom;\" onclick=\"this.blur();\" \/><\/a>\r\n     <\/div>\r\n<\/div>\r\n\r\n<div id=\"fscf_captcha_field1\" style=\"text-align:left; padding-top:5px;\">\r\n     <label style=\"text-align:left;\" for=\"fscf_captcha_code1\">CAPTCHA Code:<span style=\"text-align:left;\">*<\/span><\/label>\r\n<\/div>\r\n<div style=\"text-align:left;\">\n     <input style=\"text-align:left; margin:0; width:50px;\" type=\"text\" value=\"\" autocomplete=\"off\" id=\"fscf_captcha_code1\" name=\"captcha_code\"  \/>\n<\/div>\n        \r\n<div style=\"display:none;\">\r\n     <label for=\"birthday1\"><small>Leave this field empty<\/small><\/label>\r\n     <input type=\"text\" name=\"birthday\" id=\"birthday1\" value=\"\" \/>\r\n<\/div>\r\n\n<div id=\"fscf_submit_div1\" style=\"text-align:left; clear:both; padding-top:15px;\">\r\n\t\t<input type=\"submit\" id=\"fscf_submit1\" style=\"cursor:pointer; margin:0;\" value=\"Absenden\"  onclick=\"this.disabled=true; this.value='Submitting...'; this.form.submit();\" \/> \n<\/div>\n\n<input type=\"hidden\" name=\"fscf_submitted\" value=\"0\" \/>\n<input type=\"hidden\" name=\"fs_postonce_1\" value=\"da7ae70a7e08490da2585a7085e3174d,1775554704\" \/>\n<input type=\"hidden\" name=\"si_contact_action\" value=\"send\" \/>\n<input type=\"hidden\" name=\"form_id\" value=\"1\" \/>\n<input type=\"hidden\" name=\"mailto_id\" value=\"1\" \/>\n\n<\/form>\n<\/div>\r\n<div style=\"clear:both;\"><\/div>\n\n<!-- Fast Secure Contact Form plugin 4.0.52 - end - FastSecureContactForm.com -->\n\n","protected":false},"excerpt":{"rendered":"<p>Wer mich erreichen m\u00f6chte, kann dies auf mehreren Wegen tun. Meine Website: https:\/\/gerhard.koschany.ch Per E-Mail: *E-Mail-Adresse verborgen, da Javascript deaktiviert ist!*Bitte nutzen Sie das Kontaktformular, wenn Sie Javascript nicht aktivieren k\u00f6nnen oder m\u00f6chten! Bitte haben Sie Verst\u00e4ndnis, dass private Daten nicht publiziert werden. Oder auch per QR-Code f\u00fcr Mobile Devices: Die QR-Codes k\u00f6nnen zum besseren [&hellip;]<\/p>\n","protected":false},"author":1,"featured_media":0,"parent":0,"menu_order":3,"comment_status":"open","ping_status":"open","template":"page-nosidebar.php","meta":{"ngg_post_thumbnail":0,"footnotes":""},"class_list":["post-116","page","type-page","status-publish","hentry"],"_links":{"self":[{"href":"https:\/\/gerhard.koschany.ch\/index.php?rest_route=\/wp\/v2\/pages\/116","targetHints":{"allow":["GET"]}}],"collection":[{"href":"https:\/\/gerhard.koschany.ch\/index.php?rest_route=\/wp\/v2\/pages"}],"about":[{"href":"https:\/\/gerhard.koschany.ch\/index.php?rest_route=\/wp\/v2\/types\/page"}],"author":[{"embeddable":true,"href":"https:\/\/gerhard.koschany.ch\/index.php?rest_route=\/wp\/v2\/users\/1"}],"replies":[{"embeddable":true,"href":"https:\/\/gerhard.koschany.ch\/index.php?rest_route=%2Fwp%2Fv2%2Fcomments&post=116"}],"version-history":[{"count":0,"href":"https:\/\/gerhard.koschany.ch\/index.php?rest_route=\/wp\/v2\/pages\/116\/revisions"}],"wp:attachment":[{"href":"https:\/\/gerhard.koschany.ch\/index.php?rest_route=%2Fwp%2Fv2%2Fmedia&parent=116"}],"curies":[{"name":"wp","href":"https:\/\/api.w.org\/{rel}","templated":true}]}}