{"id":143,"date":"2014-01-21T11:49:00","date_gmt":"2014-01-21T10:49:00","guid":{"rendered":"http:\/\/gerhard.koschany.ch\/?page_id=143"},"modified":"2021-04-10T01:58:34","modified_gmt":"2021-04-09T23:58:34","slug":"darten","status":"publish","type":"page","link":"https:\/\/gerhard.koschany.ch\/?page_id=143","title":{"rendered":"Darten"},"content":{"rendered":"<p><img loading=\"lazy\" decoding=\"async\" class=\"alignleft size-medium wp-image-144\" alt=\"CyberdineDart\" src=\"http:\/\/gerhard.koschany.ch\/wp-content\/uploads\/2014\/01\/CyberdineDart-87x300.png\" width=\"87\" height=\"300\" \/>Eines meiner Hobbies, welches ich in M\u00fcnchen noch ehr zum Spa\u00df gespielt habe, ist heute zu meinem Hobby geworden. Das Dartspiel in der Liga bedarf jedenfalls mehr Konzentration und Zielen beim Setzen der Darts, als es bei einem gem\u00fctlichen Plauschspiel in der Beiz nebenan der Fall ist. Angefangen mit dem Ligaspiel habe ich 2012. Mein Club, der MFDCB (Registriert als Ligaclub beim <a href=\"http:\/\/www.dart-css.ch\/\" target=\"_blank\" rel=\"noopener\">CSS<\/a>) war zu dem Zeitpunkt in der B-Liga.<a href=\"http:\/\/www.dart-css.ch\/\" target=\"_blank\" rel=\"noopener\"><img loading=\"lazy\" decoding=\"async\" class=\"alignright size-full wp-image-145\" alt=\"CSSLogo\" src=\"http:\/\/gerhard.koschany.ch\/wp-content\/uploads\/2014\/01\/CSSLogo.png\" width=\"241\" height=\"92\" \/><\/a><\/p>\n<p>In der B-Liga sollte man mit jedem Frame (also 3 W\u00fcrfe) mindestens um die 50 Punkte schaffen, sonst geht man kl\u00e4glich unter. Eine harte Hausnummer, wenn man das so sagen m\u00f6chte. Das Ausmachen, also auf Null zu kommen, wird dadurch erschwert, dass man entweder nur mit den Double- oder Triple-Segmenten ausmachen kann. Hat man also bspw. eine ungerade Zahl, wie die 19, so muss man zuerst auf eine Zahl spielen, die dann durch 2 oder 3 teilbar ist, sonst wird&#8217;s Essig mit Ausmachen. Auf 1 runterspielen ist auch nicht, denn das quittiert der Automat ebenfalls mit einem sehr sarkastisch anmutenden Ger\u00e4usch und dem Wort &#8220;BUST!&#8221;.<\/p>\n<p>In 2013 haben wir dann eine etwas chilligere Runde in der C-Liga eingelegt, in der das klassische 501-Spiel zum Zuge kommt. Also einfach hohe Frames machen und dann zum Schluss die richtige Zahl treffen, zum Ausmachen. Leider klingt das einfacher, als die Nerven es einem erm\u00f6glichen. Nicht selten kam es daher vor, dass man vorm Ziel dann doch noch fertig gemacht wurde, weil man auf der Zielgeraden einfach nicht die richtige Zahl treffen wollte.<\/p>\n<p>Da man aber ein Team ist und mit 4 Spielern (Minimum) oder mehr anr\u00fcckt, kann es schon mal sein, dass jemand seinen schlechten Tag hat. Dann bleibt zu hoffen, dass die anderen Teamkollegen entsprechend besser drauf sind. Wie dem auch sei, es macht auf jeden Fall ein Heidenspa\u00df im Ligaspiel mit dabei zu sein, auch wenn das Verlieren durchaus auch mal zum Frust f\u00fchrt. Aber daran arbeite ich auch noch.<\/p>\n<p>Wenn es dann halbj\u00e4hrlich zum Ligafinal nach Olten geht, merkt man dann doch, wieviele Teams in der Schweiz Dart spielen. Die Eindr\u00fccke werde ich in Form von Bildern hier noch bereitstellen. Auf diesen gilt es dann am Freitagabend 4 Stunden, am Samstag dann gesch\u00e4tzte 16 Stunden und (wenn man dann noch mit dabei ist), am Sonntag dann nochmal 6 Stunden durchzuhalten. Der Samstag jedenfalls ist einer der h\u00e4rtesten Tage im Ligafinal und fordert jedem Spieler k\u00f6rperlich, wie auch mental alles ab. Also wer glaubt, am Ligafinal geht es genauso chillig zu, wie bei den \u00fcblichen Ligaspielen,. der irrt gewaltig!<\/p>\n<p>Ich habe im Internet noch einen Artikel \u00fcber den MFDCB gefunden, der den MFDCB zum Jahr 2011 zeigt. Einer meiner besten Freunde ist darauf ebenfalls abgebildet:<\/p>\n<p>Falls der <a href=\"http:\/\/www.bernerzeitung.ch\/bzforum\/geschichten\/Es-braucht-eine-ruhige-Hand\/story\/14670715\" target=\"_blank\" rel=\"noopener\">Artikel<\/a> auf der Bernerzeitung nicht mehr lesbar ist, im Folgenden der Screenshot:<\/p>\n<p style=\"text-align: center;\"><img loading=\"lazy\" decoding=\"async\" class=\"size-full wp-image-146 aligncenter\" alt=\"ArtikelBZ_MFDCB\" src=\"http:\/\/gerhard.koschany.ch\/wp-content\/uploads\/2014\/01\/ArtikelBZ_MFDCB.png\" width=\"667\" height=\"1415\" srcset=\"https:\/\/gerhard.koschany.ch\/wp-content\/uploads\/2014\/01\/ArtikelBZ_MFDCB.png 667w, https:\/\/gerhard.koschany.ch\/wp-content\/uploads\/2014\/01\/ArtikelBZ_MFDCB-141x300.png 141w, https:\/\/gerhard.koschany.ch\/wp-content\/uploads\/2014\/01\/ArtikelBZ_MFDCB-482x1024.png 482w\" sizes=\"auto, (max-width: 667px) 100vw, 667px\" \/><\/p>\n","protected":false},"excerpt":{"rendered":"<p>Eines meiner Hobbies, welches ich in M\u00fcnchen noch ehr zum Spa\u00df gespielt habe, ist heute zu meinem Hobby geworden. Das Dartspiel in der Liga bedarf jedenfalls mehr Konzentration und Zielen beim Setzen der Darts, als es bei einem gem\u00fctlichen Plauschspiel in der Beiz nebenan der Fall ist. Angefangen mit dem Ligaspiel habe ich 2012. Mein [&hellip;]<\/p>\n","protected":false},"author":1,"featured_media":0,"parent":113,"menu_order":0,"comment_status":"open","ping_status":"open","template":"page-nosidebar.php","meta":{"ngg_post_thumbnail":0,"footnotes":""},"class_list":["post-143","page","type-page","status-publish","hentry"],"_links":{"self":[{"href":"https:\/\/gerhard.koschany.ch\/index.php?rest_route=\/wp\/v2\/pages\/143","targetHints":{"allow":["GET"]}}],"collection":[{"href":"https:\/\/gerhard.koschany.ch\/index.php?rest_route=\/wp\/v2\/pages"}],"about":[{"href":"https:\/\/gerhard.koschany.ch\/index.php?rest_route=\/wp\/v2\/types\/page"}],"author":[{"embeddable":true,"href":"https:\/\/gerhard.koschany.ch\/index.php?rest_route=\/wp\/v2\/users\/1"}],"replies":[{"embeddable":true,"href":"https:\/\/gerhard.koschany.ch\/index.php?rest_route=%2Fwp%2Fv2%2Fcomments&post=143"}],"version-history":[{"count":0,"href":"https:\/\/gerhard.koschany.ch\/index.php?rest_route=\/wp\/v2\/pages\/143\/revisions"}],"up":[{"embeddable":true,"href":"https:\/\/gerhard.koschany.ch\/index.php?rest_route=\/wp\/v2\/pages\/113"}],"wp:attachment":[{"href":"https:\/\/gerhard.koschany.ch\/index.php?rest_route=%2Fwp%2Fv2%2Fmedia&parent=143"}],"curies":[{"name":"wp","href":"https:\/\/api.w.org\/{rel}","templated":true}]}}